{"id":2938,"date":"2018-06-25T07:14:03","date_gmt":"2018-06-25T07:14:03","guid":{"rendered":"http:\/\/academist.elated-themes.com\/?page_id=3"},"modified":"2023-06-26T08:32:41","modified_gmt":"2023-06-26T08:32:41","slug":"politica-de-privacidad","status":"publish","type":"page","link":"https:\/\/www.elracodemilu.com\/ca\/politica-de-privacidad\/","title":{"rendered":"Pol\u00edtica de Privacitat"},"content":{"rendered":"<h1>Pol\u00edtica de Privacitat<\/h1>\n<p>El Rac\u00f3 de Milu S.L, titular d\u2019aquest lloc web i d\u2019ara endavant \u2018El Rac\u00f3 de Milu\u2019, informa els usuaris del lloc web sobre la seva pol\u00edtica respecte del tractament i protecci\u00f3 de les dades de car\u00e0cter personal dels usuaris i clients que puguin ser recaptats per la navegaci\u00f3 o contractaci\u00f3 de serveis a trav\u00e9s del seu lloc web.<\/p>\n<p>En aquest sentit, El Rac\u00f3 de Milu garanteix el compliment de la normativa vigent en mat\u00e8ria de protecci\u00f3 de dades personals, reflectida en la Llei org\u00e0nica 15\/1999 de 13 de desembre, de Protecci\u00f3 de Dades de Car\u00e0cter Personal i en el Reial decret 1720\/2007, de 21 desembre, pel qual s\u2019aprova el Reglament de Desenvolupament de la LOPD. L\u2019\u00fas d\u2019aquesta web implica l\u2019acceptaci\u00f3 d\u2019aquesta pol\u00edtica de privacitat.<\/p>\n<p>&nbsp;<\/p>\n<p><strong>Recollida, finalitat i tractaments de dades<\/strong><\/p>\n<p>El Rac\u00f3 de Milu t\u00e9 el deure d\u2019informar els usuaris del seu lloc web sobre la recollida de dades de car\u00e0cter personal que poden dur-se a terme, b\u00e9 sigui mitjan\u00e7ant l\u2019enviament de correu electr\u00f2nic o en emplenar els formularis inclosos en el lloc web. En aquest sentit, El Rac\u00f3 de Milu ser\u00e0 considerada com a responsable de les dades recaptades mitjan\u00e7ant els mitjans anteriorment descrits.<\/p>\n<p>Al seu torn El Rac\u00f3 de Milu informa els usuaris que la finalitat del tractament de les dades<\/p>\n<p>recaptades contempla: L\u2019atenci\u00f3 de sol\u00b7licituds realitzades pels usuaris, la inclusi\u00f3 en l\u2019agenda de contactes, la prestaci\u00f3 de serveis i la gesti\u00f3 de la relaci\u00f3 comercial.<\/p>\n<p>Les operacions, gestions i procediments t\u00e8cnics que es realitzin de manera automatitzada o no automatitzada i que possibilitin la recollida, l\u2019emmagatzematge, la modificaci\u00f3, la transfer\u00e8ncia i altres accions sobre dades de car\u00e0cter personal, tenen la consideraci\u00f3 de tractament de dades personals.<\/p>\n<p>Totes les dades personals, que siguin recollits a trav\u00e9s del lloc web del Rac\u00f3 de Milu, i per tant tingui la consideraci\u00f3 de tractament de dades de car\u00e0cter personal, seran incorporats en els fitxers declarats davant l\u2019Ag\u00e8ncia Espanyola de Protecci\u00f3 de Dades pel Rac\u00f3 de Milu.<\/p>\n<p>&nbsp;<\/p>\n<p><strong>Comunicaci\u00f3 d\u2019informaci\u00f3 a tercers<\/strong><\/p>\n<p>El Rac\u00f3 de Milu informa els usuaris que les seves dades personals no seran cedits a terceres organitzacions, amb l\u2019excepci\u00f3 que aquesta cessi\u00f3 de dades aquest emparada en una obligaci\u00f3 legal o quan la prestaci\u00f3 d\u2019un servei impliqui la necessitat d\u2019una relaci\u00f3 contractual amb un encarregat de tractament. En aquest \u00faltim cas, nom\u00e9s es dur\u00e0 a terme la cessi\u00f3 de dades al tercer quan El Rac\u00f3 de Milu disposi del consentiment expr\u00e9s de l\u2019usuari.<\/p>\n<p>&nbsp;<\/p>\n<p><strong>Drets dels usuaris<\/strong><\/p>\n<p>La Llei org\u00e0nica 15\/1999, de 13 de desembre, de Protecci\u00f3 de Dades de Car\u00e0cter Personal concedeix als interessats la possibilitat d\u2019exercir una s\u00e8rie de drets relacionats amb el tractament de les seves dades personals.<\/p>\n<p>Mentre les dades de l\u2019usuari s\u00f3n objecte de tractament per part del Rac\u00f3 de Milu. Els usuaris podran exercir els drets d\u2019acc\u00e9s, rectificaci\u00f3, cancel\u00b7laci\u00f3 i oposici\u00f3 d\u2019acord amb el que es preveu en la normativa legal vigent en mat\u00e8ria de protecci\u00f3 de dades personals.<\/p>\n<p>Per a fer \u00fas de l\u2019exercici d\u2019aquests drets, l\u2019usuari haur\u00e0 de dirigir-se mitjan\u00e7ant comunicaci\u00f3 escrita, aportant documentaci\u00f3 que acrediti la seva identitat (DNI o passaport), ala seg\u00fcent adre\u00e7a: El Rac\u00f3 de Milu, Av. els Dolors, 66 08241 Manresa o la direcci\u00f3 que sigui substitu\u00efda en el Registre General de Protecci\u00f3 de Dades. Aquesta comunicaci\u00f3 haur\u00e0 de reflectir la seg\u00fcent informaci\u00f3: Nom i cognoms de l\u2019usuari, la petici\u00f3 de sol\u00b7licitud, el domicili i les dades acreditatives.<\/p>\n<p>L\u2019exercici de drets haur\u00e0 de ser realitzat pel propi usuari. No obstant aix\u00f2, podran ser executats per una persona autoritzada com a representant legal de l\u2019autoritzat. En tal cas, s\u2019haur\u00e0 d\u2019aportar la documentaci\u00f3 que acrediti aquesta representaci\u00f3 de l\u2019interessat.<\/p>","protected":false},"excerpt":{"rendered":"<p>Pol\u00edtica de Privacidad El Rac\u00f3 de Milu S.L, titular de este sitio web y en adelante \u2018El Rac\u00f3 de Milu\u2019, informa a los usuarios del sitio web sobre su pol\u00edtica respecto del tratamiento y protecci\u00f3n de los datos de car\u00e1cter personal de los usuarios y clientes que puedan ser recabados por la navegaci\u00f3n o contrataci\u00f3n [&hellip;]<\/p>","protected":false},"author":2,"featured_media":0,"parent":0,"menu_order":0,"comment_status":"closed","ping_status":"closed","template":"","meta":{"site-container-style":"default","site-container-layout":"default","site-sidebar-layout":"default","site-transparent-header":"default","disable-article-header":"default","disable-site-header":"default","disable-site-footer":"default","disable-content-area-spacing":"default","footnotes":""},"class_list":["post-2938","page","type-page","status-publish","hentry"],"yoast_head":"<!-- This site is optimized with the Yoast SEO plugin v25.3.1 - https:\/\/yoast.com\/wordpress\/plugins\/seo\/ -->\n<title>Pol\u00edtica de Privacidad<\/title>\n<meta name=\"description\" content=\"Pol\u00edtica de Privacidad\" \/>\n<meta name=\"robots\" content=\"noindex, follow\" \/>\n<meta property=\"og:locale\" content=\"ca_ES\" \/>\n<meta property=\"og:type\" content=\"article\" \/>\n<meta property=\"og:title\" content=\"Pol\u00edtica de Privacidad\" \/>\n<meta property=\"og:description\" content=\"Pol\u00edtica de Privacidad\" \/>\n<meta property=\"og:url\" content=\"https:\/\/www.elracodemilu.com\/ca\/politica-de-privacidad\/\" \/>\n<meta property=\"og:site_name\" content=\"El Rac\u00f3 de Milu\" \/>\n<meta property=\"article:publisher\" content=\"https:\/\/www.facebook.com\/elracodemilu\" \/>\n<meta property=\"article:modified_time\" content=\"2023-06-26T08:32:41+00:00\" \/>\n<meta property=\"og:image\" content=\"https:\/\/www.elracodemilu.com\/wp-content\/uploads\/2023\/05\/INICIO-scaled.jpg\" \/>\n\t<meta property=\"og:image:width\" content=\"2560\" \/>\n\t<meta property=\"og:image:height\" content=\"1707\" \/>\n\t<meta property=\"og:image:type\" content=\"image\/jpeg\" \/>\n<meta name=\"twitter:card\" content=\"summary_large_image\" \/>\n<meta name=\"twitter:label1\" content=\"Temps estimat de lectura\" \/>\n\t<meta name=\"twitter:data1\" content=\"3 minuts\" \/>\n<script type=\"application\/ld+json\" class=\"yoast-schema-graph\">{\"@context\":\"https:\/\/schema.org\",\"@graph\":[{\"@type\":\"WebPage\",\"@id\":\"https:\/\/www.elracodemilu.com\/politica-de-privacidad\/\",\"url\":\"https:\/\/www.elracodemilu.com\/politica-de-privacidad\/\",\"name\":\"Pol\u00edtica de Privacidad\",\"isPartOf\":{\"@id\":\"https:\/\/www.elracodemilu.com\/#website\"},\"datePublished\":\"2018-06-25T07:14:03+00:00\",\"dateModified\":\"2023-06-26T08:32:41+00:00\",\"description\":\"Pol\u00edtica de Privacidad\",\"breadcrumb\":{\"@id\":\"https:\/\/www.elracodemilu.com\/politica-de-privacidad\/#breadcrumb\"},\"inLanguage\":\"ca\",\"potentialAction\":[{\"@type\":\"ReadAction\",\"target\":[\"https:\/\/www.elracodemilu.com\/politica-de-privacidad\/\"]}]},{\"@type\":\"BreadcrumbList\",\"@id\":\"https:\/\/www.elracodemilu.com\/politica-de-privacidad\/#breadcrumb\",\"itemListElement\":[{\"@type\":\"ListItem\",\"position\":1,\"name\":\"Portada\",\"item\":\"https:\/\/www.elracodemilu.com\/\"},{\"@type\":\"ListItem\",\"position\":2,\"name\":\"Pol\u00edtica de Privacidad\"}]},{\"@type\":\"WebSite\",\"@id\":\"https:\/\/www.elracodemilu.com\/#website\",\"url\":\"https:\/\/www.elracodemilu.com\/\",\"name\":\"El Rac\u00f3 de Mil\u00fa\",\"description\":\"\",\"publisher\":{\"@id\":\"https:\/\/www.elracodemilu.com\/#organization\"},\"potentialAction\":[{\"@type\":\"SearchAction\",\"target\":{\"@type\":\"EntryPoint\",\"urlTemplate\":\"https:\/\/www.elracodemilu.com\/?s={search_term_string}\"},\"query-input\":{\"@type\":\"PropertyValueSpecification\",\"valueRequired\":true,\"valueName\":\"search_term_string\"}}],\"inLanguage\":\"ca\"},{\"@type\":\"Organization\",\"@id\":\"https:\/\/www.elracodemilu.com\/#organization\",\"name\":\"El Rac\u00f3 de Milu\",\"url\":\"https:\/\/www.elracodemilu.com\/\",\"logo\":{\"@type\":\"ImageObject\",\"inLanguage\":\"ca\",\"@id\":\"https:\/\/www.elracodemilu.com\/#\/schema\/logo\/image\/\",\"url\":\"https:\/\/www.elracodemilu.com\/wp-content\/uploads\/2023\/05\/logo_milu-1.png\",\"contentUrl\":\"https:\/\/www.elracodemilu.com\/wp-content\/uploads\/2023\/05\/logo_milu-1.png\",\"width\":245,\"height\":111,\"caption\":\"El Rac\u00f3 de Milu\"},\"image\":{\"@id\":\"https:\/\/www.elracodemilu.com\/#\/schema\/logo\/image\/\"},\"sameAs\":[\"https:\/\/www.facebook.com\/elracodemilu\",\"https:\/\/www.instagram.com\/elracodemilu\/\"]}]}<\/script>\n<!-- \/ Yoast SEO plugin. -->","yoast_head_json":{"title":"Pol\u00edtica de Privacidad","description":"Pol\u00edtica de Privacidad","robots":{"index":"noindex","follow":"follow"},"og_locale":"ca_ES","og_type":"article","og_title":"Pol\u00edtica de Privacidad","og_description":"Pol\u00edtica de Privacidad","og_url":"https:\/\/www.elracodemilu.com\/ca\/politica-de-privacidad\/","og_site_name":"El Rac\u00f3 de Milu","article_publisher":"https:\/\/www.facebook.com\/elracodemilu","article_modified_time":"2023-06-26T08:32:41+00:00","og_image":[{"width":2560,"height":1707,"url":"https:\/\/www.elracodemilu.com\/wp-content\/uploads\/2023\/05\/INICIO-scaled.jpg","type":"image\/jpeg"}],"twitter_card":"summary_large_image","twitter_misc":{"Temps estimat de lectura":"3 minuts"},"schema":{"@context":"https:\/\/schema.org","@graph":[{"@type":"WebPage","@id":"https:\/\/www.elracodemilu.com\/politica-de-privacidad\/","url":"https:\/\/www.elracodemilu.com\/politica-de-privacidad\/","name":"Pol\u00edtica de Privacidad","isPartOf":{"@id":"https:\/\/www.elracodemilu.com\/#website"},"datePublished":"2018-06-25T07:14:03+00:00","dateModified":"2023-06-26T08:32:41+00:00","description":"Pol\u00edtica de Privacidad","breadcrumb":{"@id":"https:\/\/www.elracodemilu.com\/politica-de-privacidad\/#breadcrumb"},"inLanguage":"ca","potentialAction":[{"@type":"ReadAction","target":["https:\/\/www.elracodemilu.com\/politica-de-privacidad\/"]}]},{"@type":"BreadcrumbList","@id":"https:\/\/www.elracodemilu.com\/politica-de-privacidad\/#breadcrumb","itemListElement":[{"@type":"ListItem","position":1,"name":"Portada","item":"https:\/\/www.elracodemilu.com\/"},{"@type":"ListItem","position":2,"name":"Pol\u00edtica de Privacidad"}]},{"@type":"WebSite","@id":"https:\/\/www.elracodemilu.com\/#website","url":"https:\/\/www.elracodemilu.com\/","name":"El Rac\u00f3 de Mil\u00fa","description":"","publisher":{"@id":"https:\/\/www.elracodemilu.com\/#organization"},"potentialAction":[{"@type":"SearchAction","target":{"@type":"EntryPoint","urlTemplate":"https:\/\/www.elracodemilu.com\/?s={search_term_string}"},"query-input":{"@type":"PropertyValueSpecification","valueRequired":true,"valueName":"search_term_string"}}],"inLanguage":"ca"},{"@type":"Organization","@id":"https:\/\/www.elracodemilu.com\/#organization","name":"El Rac\u00f3 de Milu","url":"https:\/\/www.elracodemilu.com\/","logo":{"@type":"ImageObject","inLanguage":"ca","@id":"https:\/\/www.elracodemilu.com\/#\/schema\/logo\/image\/","url":"https:\/\/www.elracodemilu.com\/wp-content\/uploads\/2023\/05\/logo_milu-1.png","contentUrl":"https:\/\/www.elracodemilu.com\/wp-content\/uploads\/2023\/05\/logo_milu-1.png","width":245,"height":111,"caption":"El Rac\u00f3 de Milu"},"image":{"@id":"https:\/\/www.elracodemilu.com\/#\/schema\/logo\/image\/"},"sameAs":["https:\/\/www.facebook.com\/elracodemilu","https:\/\/www.instagram.com\/elracodemilu\/"]}]}},"_links":{"self":[{"href":"https:\/\/www.elracodemilu.com\/ca\/wp-json\/wp\/v2\/pages\/2938","targetHints":{"allow":["GET"]}}],"collection":[{"href":"https:\/\/www.elracodemilu.com\/ca\/wp-json\/wp\/v2\/pages"}],"about":[{"href":"https:\/\/www.elracodemilu.com\/ca\/wp-json\/wp\/v2\/types\/page"}],"author":[{"embeddable":true,"href":"https:\/\/www.elracodemilu.com\/ca\/wp-json\/wp\/v2\/users\/2"}],"replies":[{"embeddable":true,"href":"https:\/\/www.elracodemilu.com\/ca\/wp-json\/wp\/v2\/comments?post=2938"}],"version-history":[{"count":4,"href":"https:\/\/www.elracodemilu.com\/ca\/wp-json\/wp\/v2\/pages\/2938\/revisions"}],"predecessor-version":[{"id":5026,"href":"https:\/\/www.elracodemilu.com\/ca\/wp-json\/wp\/v2\/pages\/2938\/revisions\/5026"}],"wp:attachment":[{"href":"https:\/\/www.elracodemilu.com\/ca\/wp-json\/wp\/v2\/media?parent=2938"}],"curies":[{"name":"wp","href":"https:\/\/api.w.org\/{rel}","templated":true}]}}

Política de Privacitat

<h1>Política de Privacitat</h1>
<p>El Racó de Milu S.L, titular d’aquest lloc web i d’ara endavant ‘El Racó de Milu’, informa els usuaris del lloc web sobre la seva política respecte del tractament i protecció de les dades de caràcter personal dels usuaris i clients que puguin ser recaptats per la navegació o contractació de serveis a través del seu lloc web.</p>
<p>En aquest sentit, El Racó de Milu garanteix el compliment de la normativa vigent en matèria de protecció de dades personals, reflectida en la Llei orgànica 15/1999 de 13 de desembre, de Protecció de Dades de Caràcter Personal i en el Reial decret 1720/2007, de 21 desembre, pel qual s’aprova el Reglament de Desenvolupament de la LOPD. L’ús d’aquesta web implica l’acceptació d’aquesta política de privacitat.</p>
<p>&nbsp;</p>
<p><strong>Recollida, finalitat i tractaments de dades</strong></p>
<p>El Racó de Milu té el deure d’informar els usuaris del seu lloc web sobre la recollida de dades de caràcter personal que poden dur-se a terme, bé sigui mitjançant l’enviament de correu electrònic o en emplenar els formularis inclosos en el lloc web. En aquest sentit, El Racó de Milu serà considerada com a responsable de les dades recaptades mitjançant els mitjans anteriorment descrits.</p>
<p>Al seu torn El Racó de Milu informa els usuaris que la finalitat del tractament de les dades</p>
<p>recaptades contempla: L’atenció de sol·licituds realitzades pels usuaris, la inclusió en l’agenda de contactes, la prestació de serveis i la gestió de la relació comercial.</p>
<p>Les operacions, gestions i procediments tècnics que es realitzin de manera automatitzada o no automatitzada i que possibilitin la recollida, l’emmagatzematge, la modificació, la transferència i altres accions sobre dades de caràcter personal, tenen la consideració de tractament de dades personals.</p>
<p>Totes les dades personals, que siguin recollits a través del lloc web del Racó de Milu, i per tant tingui la consideració de tractament de dades de caràcter personal, seran incorporats en els fitxers declarats davant l’Agència Espanyola de Protecció de Dades pel Racó de Milu.</p>
<p>&nbsp;</p>
<p><strong>Comunicació d’informació a tercers</strong></p>
<p>El Racó de Milu informa els usuaris que les seves dades personals no seran cedits a terceres organitzacions, amb l’excepció que aquesta cessió de dades aquest emparada en una obligació legal o quan la prestació d’un servei impliqui la necessitat d’una relació contractual amb un encarregat de tractament. En aquest últim cas, només es durà a terme la cessió de dades al tercer quan El Racó de Milu disposi del consentiment exprés de l’usuari.</p>
<p>&nbsp;</p>
<p><strong>Drets dels usuaris</strong></p>
<p>La Llei orgànica 15/1999, de 13 de desembre, de Protecció de Dades de Caràcter Personal concedeix als interessats la possibilitat d’exercir una sèrie de drets relacionats amb el tractament de les seves dades personals.</p>
<p>Mentre les dades de l’usuari són objecte de tractament per part del Racó de Milu. Els usuaris podran exercir els drets d’accés, rectificació, cancel·lació i oposició d’acord amb el que es preveu en la normativa legal vigent en matèria de protecció de dades personals.</p>
<p>Per a fer ús de l’exercici d’aquests drets, l’usuari haurà de dirigir-se mitjançant comunicació escrita, aportant documentació que acrediti la seva identitat (DNI o passaport), ala següent adreça: El Racó de Milu, Av. els Dolors, 66 08241 Manresa o la direcció que sigui substituïda en el Registre General de Protecció de Dades. Aquesta comunicació haurà de reflectir la següent informació: Nom i cognoms de l’usuari, la petició de sol·licitud, el domicili i les dades acreditatives.</p>
<p>L’exercici de drets haurà de ser realitzat pel propi usuari. No obstant això, podran ser executats per una persona autoritzada com a representant legal de l’autoritzat. En tal cas, s’haurà d’aportar la documentació que acrediti aquesta representació de l’interessat.</p>

<p>Política de Privacidad El Racó de Milu S.L, titular de este sitio web y en adelante ‘El Racó de Milu’, informa a los usuarios del sitio web sobre su política respecto del tratamiento y protección de los datos de carácter personal de los usuarios y clientes que puedan ser recabados por la navegación o contratación [&hellip;]</p>

<!-- This site is optimized with the Yoast SEO plugin v25.3.1 - https://yoast.com/wordpress/plugins/seo/ -->
<title>Política de Privacidad</title>
<meta name="description" content="Política de Privacidad" />
<meta name="robots" content="noindex, follow" />
<meta property="og:locale" content="ca_ES" />
<meta property="og:type" content="article" />
<meta property="og:title" content="Política de Privacidad" />
<meta property="og:description" content="Política de Privacidad" />
<meta property="og:url" content="https://www.elracodemilu.com/ca/politica-de-privacidad/" />
<meta property="og:site_name" content="El Racó de Milu" />
<meta property="article:publisher" content="https://www.facebook.com/elracodemilu" />
<meta property="article:modified_time" content="2023-06-26T08:32:41+00:00" />
<meta property="og:image" content="https://www.elracodemilu.com/wp-content/uploads/2023/05/INICIO-scaled.jpg" />
	<meta property="og:image:width" content="2560" />
	<meta property="og:image:height" content="1707" />
	<meta property="og:image:type" content="image/jpeg" />
<meta name="twitter:card" content="summary_large_image" />
<meta name="twitter:label1" content="Temps estimat de lectura" />
	<meta name="twitter:data1" content="3 minuts" />
<script type="application/ld+json" class="yoast-schema-graph">{"@context":"https://schema.org","@graph":[{"@type":"WebPage","@id":"https://www.elracodemilu.com/politica-de-privacidad/","url":"https://www.elracodemilu.com/politica-de-privacidad/","name":"Política de Privacidad","isPartOf":{"@id":"https://www.elracodemilu.com/#website"},"datePublished":"2018-06-25T07:14:03+00:00","dateModified":"2023-06-26T08:32:41+00:00","description":"Política de Privacidad","breadcrumb":{"@id":"https://www.elracodemilu.com/politica-de-privacidad/#breadcrumb"},"inLanguage":"ca","potentialAction":[{"@type":"ReadAction","target":["https://www.elracodemilu.com/politica-de-privacidad/"]}]},{"@type":"BreadcrumbList","@id":"https://www.elracodemilu.com/politica-de-privacidad/#breadcrumb","itemListElement":[{"@type":"ListItem","position":1,"name":"Portada","item":"https://www.elracodemilu.com/"},{"@type":"ListItem","position":2,"name":"Política de Privacidad"}]},{"@type":"WebSite","@id":"https://www.elracodemilu.com/#website","url":"https://www.elracodemilu.com/","name":"El Racó de Milú","description":"","publisher":{"@id":"https://www.elracodemilu.com/#organization"},"potentialAction":[{"@type":"SearchAction","target":{"@type":"EntryPoint","urlTemplate":"https://www.elracodemilu.com/?s={search_term_string}"},"query-input":{"@type":"PropertyValueSpecification","valueRequired":true,"valueName":"search_term_string"}}],"inLanguage":"ca"},{"@type":"Organization","@id":"https://www.elracodemilu.com/#organization","name":"El Racó de Milu","url":"https://www.elracodemilu.com/","logo":{"@type":"ImageObject","inLanguage":"ca","@id":"https://www.elracodemilu.com/#/schema/logo/image/","url":"https://www.elracodemilu.com/wp-content/uploads/2023/05/logo_milu-1.png","contentUrl":"https://www.elracodemilu.com/wp-content/uploads/2023/05/logo_milu-1.png","width":245,"height":111,"caption":"El Racó de Milu"},"image":{"@id":"https://www.elracodemilu.com/#/schema/logo/image/"},"sameAs":["https://www.facebook.com/elracodemilu","https://www.instagram.com/elracodemilu/"]}]}</script>
<!-- / Yoast SEO plugin. -->

Política de Privacidad

El Racó de Milu

El Racó de Milú
